-1021210002202001
In base 5, what is -1 + -1432303011240?
-1432303011241
In base 16, what is -6f - -1de6?
1d77
In base 10, what is -27276 - -463?
-26813
In base 11, what is -3 - 1052a565?
-1052a568
In base 8, what is 0 - 47136427?
-47136427
In base 16, what is 5 + -1ee52c?
-1ee527
In base 15, what is 50a + 2450?
295a
In base 8, what is 1135550 - 306?
1135242
In base 6, what is -115330 + -52330?
-212100
In base 8, what is -1221675 + -706?
-1222603
In base 6, what is -42055304 + -225?
-42055533
In base 9, what is -6536 + -1100?
-7636
In base 6, what is 310014 - -1533?
311551
In base 12, what is 12bb - -5441?
6740
In base 15, what is -24c72c0 - -37?
-24c7288
In base 12, what is -62 + -5120b7?
-512159
In base 9, what is -130176 - 3018?
-133205
In base 10, what is 208104 - 67?
208037
In base 13, what is -1a60 + 393c?
1bac
In base 16, what is -b1fd0 - 8?
-b1fd8
In base 8, what is 241 + 10431470?
10431731
In base 3, what is -2 + 110122200112120?
110122200112111
In base 3, what is 11121012002211 - 10101?
11121011222110
In base 2, what is 1001101010 + -10011100110010111?
-10011011100101101
In base 7, what is 6456504 + -165?
6456306
In base 6, what is -142155 - -441?
-141314
In base 2, what is -1000 + 1011000011100001000011?
1011000011100000111011
In base 10, what is -82801 + 605?
-82196
In base 7, what is 350151 + 3130?
353311
In base 12, what is b79 - -1389?
2346
In base 16, what is 848 + 73f8?
7c40
In base 3, what is 21 - -1011021122021?
1011021122112
In base 8, what is -13041 - -46035?
32774
In base 14, what is 96b - 957b?
-8a10
In base 7, what is 12345150 - 3?
12345144
In base 5, what is 320 - -2240040044?
2240040414
In base 16, what is -28b7d2 + 7?
-28b7cb
In base 12, what is 4 - 85a102?
-85a0ba
In base 6, what is -5 - 1213540112?
-1213540121
In base 2, what is 1 - -1000101101001110010111?
1000101101001110011000
In base 16, what is -378befe5 + 0?
-378befe5
In base 9, what is 5 - -186865266?
186865272
In base 14, what is 3d8144 + -43?
3d8101
In base 7, what is -203644 - 16?
-203663
In base 12, what is 1b7a07aa + 0?
1b7a07aa
In base 4, what is -23 + -12231302230?
-12231302313
In base 8, what is 6155 - 2661?
3274
In base 7, what is -1142 + -4432?
-5604
In base 12, what is -1a70475 - 12?
-1a70487
In base 16, what is 8f672 - 783?
8eeef
In base 4, what is 3 - 2021231133111?
-2021231133102
In base 6, what is 4 - 24125515255?
-24125515251
In base 3, what is 102020011102 - 121020?
102012120012
In base 3, what is -111 + 10111101011010?
10111101010122
In base 12, what is -5652a + 50?
-5649a
In base 4, what is 132220102 + 12?
132220120
In base 3, what is -11200001011001110 + -12?
-11200001011001122
In base 2, what is 100101 - -101010110010111?
101010110111100
In base 14, what is -1 + 61120bb?
61120ba
In base 15, what is -5d3 + 4eab?
48c8
In base 5, what is -1022013222 - -11003?
-1022002214
In base 13, what is c441073 + -3?
c441070
In base 5, what is -11 + -1131214323?
-1131214334
In base 9, what is -377 - -1064?
576
In base 16, what is d5 + 5f6d8?
5f7ad
In base 12, what is -2964a8546 + 3?
-2964a8543
In base 2, what is 101011111100001110 - -110011100011?
101100101111110001
In base 8, what is 133271370 - -3?
133271373
In base 6, what is -11321 - -512?
-10405
In base 15, what is -19654 - -52?
-19602
In base 2, what is 111000010 - -10000100011111?
10001011100001
In base 11, what is -821 - 5858?
-6579
In base 9, what is 4 - -11261327?
11261332
In base 12, what is -325 + -3038?
-3361
In base 3, what is 220 + 11110011212002?
11110011212222
In base 14, what is 166 + -2cb0?
-2b48
In base 15, what is -d4ba - -8?
-d4b2
In base 14, what is 1168 + -3926?
-279c
In base 5, what is 1430 - -142213241?
142220221
In base 9, what is -223 + 303067?
302744
In base 9, what is 34847 + -22765?
12072
In base 3, what is -100211122202 - -222?
-100211121210
In base 3, what is 1112 - -10021222212?
10022001101
In base 3, what is -110020101 + -2100202?
-112121010
In base 13, what is 10a871 + -6?
10a868
In base 16, what is 72066b + -3?
720668
In base 9, what is -21856 - -5012?
-15844
In base 15, what is 418 + -111b9?
-10ca1
In base 4, what is 103233330103 + -23?
103233330020
In base 15, what is 48 - -1e98061?
1e980a9
In base 12, what is -9 - -8342a2?
834295
In base 12, what is -2151959 - -4?
-2151955
In base 5, what is 142 - -430113140?
430113332
In base 16, what is 3a3e61 - 2?
3a3e5f
In base 5, what is 3 + -4123304211?
-4123304203
In base 8, what is -420 - -53653?
53233
In base 8, what is 6 - 3427626?
-3427620
In base 9, what is -112037868 + 28?
-112037840
In base 8, what is 2 - 43647206?
-43647204
In base 10, what is 184077 - -42?
184119
In base 6, what is -254221303 - -3?
-254221300
In base 14, what is -d + -3b19551?
-3b19560
In base 4, what is 33230122 + 321330?
100212112
In base 13, what is -11 - -275c?
274b
In base 3, what is 210 + -2002101102?
-2002100122
In base 5, what is 100301101 - -2301?
100303402
In base 13, what is -14 - 228212?
-228226
In base 13, what is 1 - -99a1a?
99a1b
In base 7, what is 554042554 - 0?
554042554
In base 14, what is d56 - -15d74?
16cca
In base 16, what is -4 - -1aad5ce?
1aad5ca
In base 6, what is -1320 - 140110032?
-140111352
In base 11, what is -4557 + -2102?
-6659
In base 8, what is 2 + 10612417?
10612421
In base 12, what is 0 - -200013?
200013
In base 13, what is -ca0173 - 1?
-ca0174
In base 5, what is -21401013 + 111?
-21400402
In base 10, what is -16 + 441748?
441732
In base 13, what is -4387 + 49b?
-3bb9
In base 11, what is -3429 + -11111?
-1453a
In base 7, what is -1 - 3221211545?
-3221211546
In base 13, what is 2 - 57aaa6?
-57aaa4
In base 3, what is 11211201122111120 - 0?
11211201122111120
In base 4, what is -1231030 - -110011?
-1121013
In base 5, what is 330402103 - 10?
330402043
In base 5, what is -1 - -424223402?
424223401
In base 14, what is 4067d63 - d?
4067d54
In base 7, what is -441 + 24425554?
24425113
In base 16, what is -54 + 3d354?
3d300
In base 8, what is -3576312 - 3?
-3576315
In base 16, what is 632 + a92f?
af61
In base 5, what is -1 + 32240224440?
32240224434
In base 14, what is 1 + -1229b741?
-1229b740
In base 7, what is 13452 - -3661605?
4005360
In base 5, what is 10202333 + 404?
10203242
In base 8, what is 25264 - 1334?
23730
In base 14, what is 25 - 6a657?
-6a632
In base 5, what is -1 + -11013003?
-11013004
In base 13, what is -3 - 114488?
-11448b
In base 5, what is 4 - -43120112131?
43120112140
In base 16, what is 985 - -8b0?
1235
In base 9, what is -40840302 + 12?
-40840280
In base 10, what is -1 + -95521144?
-95521145
In base 7, what is -3 + 22604352?
22604346
In base 6, what is -40150 - 1401?
-41551
In base 16, what is -71 + -7723?
-7794
In base 16, what is -8c1 + 233e?
1a7d
In base 13, what is -54 - 393bb4?
-393c38
In base 12, what is -6 + 2151257?
2151251
In base 7, what is -3 - 1335454?
-1335460
In base 8, what is 14644 - -14041?
30705
In base 2, what is -101 + 110101101011001010111011011?
110101101011001010111010110
In base 6, what is -12200433200 + -5?
-12200433205
In base 15, what is -8 + 15cdadd?
15cdad5
In base 2, what is 11110101110 - -1111011011101?
10011010001011
In base 14, what is -3220 - -2650?
-9b0
In base 11, what is -1237 - -27a4?
1568
In base 11, what is 8 - -4883021?
4883029
In base 2, what is 1010000101 - 110001101101?
-100111101000
In base 14, what is 13bc54c + -5?
13bc547
In base 6, what is -1100253544 + -4?
-1100253552
In base 4, what is 1000 - 230230221?
-230223221
In base 7, what is -4664642 - 31?
-4665003
In base 3, what is 22122 - 2201211010?
-2201111111
In base 2, what is -11101101001100010001110 + 110?
-11101101001100010001000
In base 13, what is -2283a6a - -5?
-2283a65
In base 16, what is -37c17 - -834?
-373e3
In base 14, what is 383c7dc - 6?
383c7d6
In base 9, what is -740 + -363?
-1213
In base 13, what is -2a1 + -345?
-616
In base 5, what is 3031003001 - -132?
3031003133
In base 14, what is 6179 + -2081?
40d8
In base 8, what is -45772 - 605?
-46577
In base 4, what is -30011030 - 10301122?
-100312212
In base 15, what is -249b - 509?
-29a5
In base 4, what is 11121233 + -1113032?
10002201
In base 7, what is -34024 + -66304?
-133331
In base 9, what is -85467486 - -4?
-85467482
In base 9, what is 1032360 - 444?
1031815
In base 5, what is -1022000 + 211442?
-310003
In base 10, what is -56 - 19425